{"id":150,"date":"2013-08-19T17:10:24","date_gmt":"2013-08-19T15:10:24","guid":{"rendered":"http:\/\/mauritius.evolutiontravel.it\/infovacanze\/?page_id=150"},"modified":"2018-01-18T17:15:47","modified_gmt":"2018-01-18T16:15:47","slug":"moka","status":"publish","type":"page","link":"https:\/\/mauritius.evolutiontravel.it\/infovacanze\/moka\/","title":{"rendered":"Moka, piccola citt\u00e0 di Mauritius"},"content":{"rendered":"<p><strong>Moka<\/strong>, a circa 12 km da Port Louis, \u00e8 uno dei due quartieri di Mauritius <strong>senza sbocco sul mare<\/strong>.<br \/>\nLa piccola citt\u00e0 \u00e8 circondata da <strong>montagne maestose, ruscelli e cascate<\/strong>, insomma un paesaggio avvolto da un\u2019atmosfera fiabesca.<\/p>\n<p><img loading=\"lazy\" decoding=\"async\" class=\"wp-image-304 size-medium alignright\" src=\"http:\/\/mauritius.evolutiontravel.it\/infovacanze\/wp-content\/uploads\/sites\/15\/2014\/01\/Mauritiuss-300x199.jpg\" alt=\"Mauritius\" width=\"300\" height=\"199\" srcset=\"https:\/\/mauritius.evolutiontravel.it\/infovacanze\/wp-content\/uploads\/sites\/15\/2014\/01\/Mauritiuss-300x199.jpg 300w, https:\/\/mauritius.evolutiontravel.it\/infovacanze\/wp-content\/uploads\/sites\/15\/2014\/01\/Mauritiuss-450x300.jpg 450w, https:\/\/mauritius.evolutiontravel.it\/infovacanze\/wp-content\/uploads\/sites\/15\/2014\/01\/Mauritiuss.jpg 860w\" sizes=\"(max-width: 300px) 100vw, 300px\" \/>Merita una visita <strong>il circondario<\/strong>: paesaggi caratterizzati da <strong>splendidi boschi<\/strong> e numerose <strong>ville storich<\/strong>e come <strong>Val Ory<\/strong>, un tempo residenza dello sci\u00e0 di Persia Reza Palevi.<\/p>\n<p style=\"text-align: justify\">Uno dei pi\u00f9 noti luoghi d\u2019 interesse qui <strong>\u00e8 Le Reduit (Il Rifugio)<\/strong>. Costruito nel 1794, oggi \u00e8 <strong>residenza ufficiale del governo.<\/strong> Il parco della villa si estende per <strong>oltre 130 ettari<\/strong> e all\u2019interno ci sono ristoranti, un grande casin\u00f2, piscina, un mini-golf e maneggio.<\/p>\n<p style=\"text-align: justify\">Poi dedicate qualche ora anche alla vista del <strong>mulino d\u2019epoca, <\/strong>di <strong>Eureka House<\/strong>, antica dimora rimessa a nuovo e del <strong>Folk Museum of Indian Immigration<\/strong>.<\/p>\n<p>&nbsp;<\/p>\n<h3 style=\"text-align: center\">Offerte viaggi e vacanze a Mauritius<\/h3>\n<p style=\"text-align: center\"><strong><span style=\"color: #008000\">CLICCA e scopri subito<\/span><\/strong>: <strong>programma<\/strong>, <strong>comment<\/strong>i, <strong>foto<\/strong>,<strong> itineari<\/strong> e altro ancora!<\/p>\n<div class=\"feedzy-1354876b960a3a0a21000377e978a692 feedzy-rss\">\n\t\t<ul class=\"feedzy-style2\">\n\t\t\t\t\t<li  style=\"padding: 23px 0 38px\" class=\"rss_item feedzy-rss-col-3\" >\n\t\t\t\t\t\t\t\t\t<div class=\"rss_image\" style=\"width:225px; height:225px;\">\n\t\t\t\t\t\t<a href=\"https:\/\/mauritius.evolutiontravel.it\/it_IT\/900\/tab\/23348_fly-drive-una-vacanza-in-liberta.html\" target=\"_blank\" \n\t\t\t\t\t\t\trel=\"noopener \"\n\t\t\t\t\t\t\ttitle=\"Fly &amp; Drive una vacanza in libert\u00e0\"\n\t\t\t\t\t\t\tstyle=\"width:225px; height:225px;\">\n\t\t\t\t\t\t\t<span class=\"fetched\" style=\"background-image:  url('http:\/\/etcdn.net\/thumbnails\/23348\/it-flic-en-flac-fly-drive-una-vacanza-in-liberta-51dbe.jpg');\" title=\"Fly &amp; Drive una vacanza in libert\u00e0\"><\/span><amp-img width=\"225\" height=\"225\" src=\"http:\/\/etcdn.net\/thumbnails\/23348\/it-flic-en-flac-fly-drive-una-vacanza-in-liberta-51dbe.jpg\">\t\t\t\t\t\t<\/a>\n\t\t\t\t\t<\/div>\n\t\t\t\t\t\t\t\t<div class=\"rss_content_wrap\">\n\t\t\t\t\t<span class=\"title\">\n\t\t\t\t\t\t<a href=\"https:\/\/mauritius.evolutiontravel.it\/it_IT\/900\/tab\/23348_fly-drive-una-vacanza-in-liberta.html\" target=\"_blank\"  rel=\"noopener \">\n\t\t\t\t\t\t\tFly &amp; Drive una vacanza in libert\u00e0\t\t\t\t\t\t<\/a>\n\t\t\t\t\t<\/span>\n\t\t\t\t\t<div class=\"rss_content\"\n\t\t\t\t\t\t\tstyle=\"\">\n\t\t\t\t\t\t\n\t\t\t\t\t\t\t\t\t\t\t\t<p class=\"description\">Viaggia e visita Mauritius in libert\u00e0 facendo base a Flic en Flac, una delle pi\u00f9 belle spiagge dell'isola. Costruisci il tuo [&hellip;]<\/p>\n\t\t\t\t\t\t\n\t\t\t\t\t\t\t\t\t\t\t\t\t\t\t\t\t\t\t<div class=\"price-wrap\">\n\t\t\t\t\t\t\t\t<a href=\"https:\/\/mauritius.evolutiontravel.it\/it_IT\/900\/tab\/23348_fly-drive-una-vacanza-in-liberta.html\" target=\"_blank\" rel=\"noopener\"><button class=\"price\"> 1330<\/button><\/a>\n\t\t\t\t\t\t\t<\/div>\n\t\t\t\t\t\t\t\t\t\t\t<\/div>\n\t\t\t\t<\/div>\n\t\t\t<\/li>\n\t\t\t\t\t\t<li  style=\"padding: 23px 0 38px\" class=\"rss_item feedzy-rss-col-3\" >\n\t\t\t\t\t\t\t\t\t<div class=\"rss_image\" style=\"width:225px; height:225px;\">\n\t\t\t\t\t\t<a href=\"https:\/\/mauritius.evolutiontravel.it\/it_IT\/900\/tab\/23398_sugar-beach-a-sun-resort.html\" target=\"_blank\" \n\t\t\t\t\t\t\trel=\"noopener \"\n\t\t\t\t\t\t\ttitle=\"Sugar Beach A Sun Resort\"\n\t\t\t\t\t\t\tstyle=\"width:225px; height:225px;\">\n\t\t\t\t\t\t\t<span class=\"fetched\" style=\"background-image:  url('http:\/\/etcdn.net\/thumbnails\/23398\/it-flic-en-flac-hotel-sugar-beach-resort-5-stelle-50528.jpg');\" title=\"Sugar Beach A Sun Resort\"><\/span><amp-img width=\"225\" height=\"225\" src=\"http:\/\/etcdn.net\/thumbnails\/23398\/it-flic-en-flac-hotel-sugar-beach-resort-5-stelle-50528.jpg\">\t\t\t\t\t\t<\/a>\n\t\t\t\t\t<\/div>\n\t\t\t\t\t\t\t\t<div class=\"rss_content_wrap\">\n\t\t\t\t\t<span class=\"title\">\n\t\t\t\t\t\t<a href=\"https:\/\/mauritius.evolutiontravel.it\/it_IT\/900\/tab\/23398_sugar-beach-a-sun-resort.html\" target=\"_blank\"  rel=\"noopener \">\n\t\t\t\t\t\t\tSugar Beach A Sun Resort\t\t\t\t\t\t<\/a>\n\t\t\t\t\t<\/span>\n\t\t\t\t\t<div class=\"rss_content\"\n\t\t\t\t\t\t\tstyle=\"\">\n\t\t\t\t\t\t\n\t\t\t\t\t\t\t\t\t\t\t\t<p class=\"description\">Hotel elegante e vivace, circondato da un meraviglioso giardino tropicale, adatto a famiglie, coppie, gruppi di giovani. Molto [&hellip;]<\/p>\n\t\t\t\t\t\t\n\t\t\t\t\t\t\t\t\t\t\t\t\t\t\t\t\t\t\t<div class=\"price-wrap\">\n\t\t\t\t\t\t\t\t<a href=\"https:\/\/mauritius.evolutiontravel.it\/it_IT\/900\/tab\/23398_sugar-beach-a-sun-resort.html\" target=\"_blank\" rel=\"noopener\"><button class=\"price\"> 2600<\/button><\/a>\n\t\t\t\t\t\t\t<\/div>\n\t\t\t\t\t\t\t\t\t\t\t<\/div>\n\t\t\t\t<\/div>\n\t\t\t<\/li>\n\t\t\t\t\t\t<li  style=\"padding: 23px 0 38px\" class=\"rss_item feedzy-rss-col-3\" >\n\t\t\t\t\t\t\t\t\t<div class=\"rss_image\" style=\"width:225px; height:225px;\">\n\t\t\t\t\t\t<a href=\"https:\/\/mauritius.evolutiontravel.it\/it_IT\/900\/tab\/23497_oneonly-le-saint-geran.html\" target=\"_blank\" \n\t\t\t\t\t\t\trel=\"noopener \"\n\t\t\t\t\t\t\ttitle=\"One&amp;Only Le Saint G\u00e9ran\"\n\t\t\t\t\t\t\tstyle=\"width:225px; height:225px;\">\n\t\t\t\t\t\t\t<span class=\"fetched\" style=\"background-image:  url('http:\/\/etcdn.net\/thumbnails\/23497\/it-trou-deau-douce-hotel-oneonly-le-saint-geran-5-stelle-lusso-52a67.jpg');\" title=\"One&amp;Only Le Saint G\u00e9ran\"><\/span><amp-img width=\"225\" height=\"225\" src=\"http:\/\/etcdn.net\/thumbnails\/23497\/it-trou-deau-douce-hotel-oneonly-le-saint-geran-5-stelle-lusso-52a67.jpg\">\t\t\t\t\t\t<\/a>\n\t\t\t\t\t<\/div>\n\t\t\t\t\t\t\t\t<div class=\"rss_content_wrap\">\n\t\t\t\t\t<span class=\"title\">\n\t\t\t\t\t\t<a href=\"https:\/\/mauritius.evolutiontravel.it\/it_IT\/900\/tab\/23497_oneonly-le-saint-geran.html\" target=\"_blank\"  rel=\"noopener \">\n\t\t\t\t\t\t\tOne&amp;Only Le Saint G\u00e9ran\t\t\t\t\t\t<\/a>\n\t\t\t\t\t<\/span>\n\t\t\t\t\t<div class=\"rss_content\"\n\t\t\t\t\t\t\tstyle=\"\">\n\t\t\t\t\t\t\n\t\t\t\t\t\t\t\t\t\t\t\t<p class=\"description\">Il top di Mauritius. Questo prestigioso resort della catena One&amp;Only viene definito dai mauriziani il pi\u00f9 bello dell'isola. [&hellip;]<\/p>\n\t\t\t\t\t\t\n\t\t\t\t\t\t\t\t\t\t\t\t\t\t\t\t\t\t\t<div class=\"price-wrap\">\n\t\t\t\t\t\t\t\t<a href=\"https:\/\/mauritius.evolutiontravel.it\/it_IT\/900\/tab\/23497_oneonly-le-saint-geran.html\" target=\"_blank\" rel=\"noopener\"><button class=\"price\"> 4080<\/button><\/a>\n\t\t\t\t\t\t\t<\/div>\n\t\t\t\t\t\t\t\t\t\t\t<\/div>\n\t\t\t\t<\/div>\n\t\t\t<\/li>\n\t\t\t\t\t\t<li  style=\"padding: 23px 0 38px\" class=\"rss_item feedzy-rss-col-3\" >\n\t\t\t\t\t\t\t\t\t<div class=\"rss_image\" style=\"width:225px; height:225px;\">\n\t\t\t\t\t\t<a href=\"https:\/\/mauritius.evolutiontravel.it\/it_IT\/900\/tab\/23492_shangri-las-le-touessrok-resort-spa-5-stelle-lusso.html\" target=\"_blank\" \n\t\t\t\t\t\t\trel=\"noopener \"\n\t\t\t\t\t\t\ttitle=\"Shangri-la&#039;s - Le Touessrok Resort &amp; Spa 5 stelle Lusso\"\n\t\t\t\t\t\t\tstyle=\"width:225px; height:225px;\">\n\t\t\t\t\t\t\t<span class=\"fetched\" style=\"background-image:  url('http:\/\/etcdn.net\/thumbnails\/23492\/it-trou-deau-douce-shangri-las-le-touessrok-resort-spa-5-stelle-lusso-5166d.jpg');\" title=\"Shangri-la&#039;s - Le Touessrok Resort &amp; Spa 5 stelle Lusso\"><\/span><amp-img width=\"225\" height=\"225\" src=\"http:\/\/etcdn.net\/thumbnails\/23492\/it-trou-deau-douce-shangri-las-le-touessrok-resort-spa-5-stelle-lusso-5166d.jpg\">\t\t\t\t\t\t<\/a>\n\t\t\t\t\t<\/div>\n\t\t\t\t\t\t\t\t<div class=\"rss_content_wrap\">\n\t\t\t\t\t<span class=\"title\">\n\t\t\t\t\t\t<a href=\"https:\/\/mauritius.evolutiontravel.it\/it_IT\/900\/tab\/23492_shangri-las-le-touessrok-resort-spa-5-stelle-lusso.html\" target=\"_blank\"  rel=\"noopener \">\n\t\t\t\t\t\t\tShangri-la's - Le Touessrok Resort &amp; Spa 5 stelle Lusso\t\t\t\t\t\t<\/a>\n\t\t\t\t\t<\/span>\n\t\t\t\t\t<div class=\"rss_content\"\n\t\t\t\t\t\t\tstyle=\"\">\n\t\t\t\t\t\t\n\t\t\t\t\t\t\t\t\t\t\t\t<p class=\"description\">Uno dei capisaldi del lusso ai Tropici, \u00e8 tra i luoghi pi\u00f9 romantici al mondo. Particolarmente consigliata ad una clientela [&hellip;]<\/p>\n\t\t\t\t\t\t\n\t\t\t\t\t\t\t\t\t\t\t\t\t\t\t\t\t\t\t<div class=\"price-wrap\">\n\t\t\t\t\t\t\t\t<a href=\"https:\/\/mauritius.evolutiontravel.it\/it_IT\/900\/tab\/23492_shangri-las-le-touessrok-resort-spa-5-stelle-lusso.html\" target=\"_blank\" rel=\"noopener\"><button class=\"price\"> 3650<\/button><\/a>\n\t\t\t\t\t\t\t<\/div>\n\t\t\t\t\t\t\t\t\t\t\t<\/div>\n\t\t\t\t<\/div>\n\t\t\t<\/li>\n\t\t\t\t\t\t<li  style=\"padding: 23px 0 38px\" class=\"rss_item feedzy-rss-col-3\" >\n\t\t\t\t\t\t\t\t\t<div class=\"rss_image\" style=\"width:225px; height:225px;\">\n\t\t\t\t\t\t<a href=\"https:\/\/mauritius.evolutiontravel.it\/it_IT\/900\/tab\/33751_guesthouse-villa-abi.html\" target=\"_blank\" \n\t\t\t\t\t\t\trel=\"noopener \"\n\t\t\t\t\t\t\ttitle=\"Guesthouse Villa Abi\"\n\t\t\t\t\t\t\tstyle=\"width:225px; height:225px;\">\n\t\t\t\t\t\t\t<span class=\"fetched\" style=\"background-image:  url('http:\/\/etcdn.net\/thumbnails\/33751\/it-flic-en-flac-guesthouse-villa-abi-61bfe.jpg');\" title=\"Guesthouse Villa Abi\"><\/span><amp-img width=\"225\" height=\"225\" src=\"http:\/\/etcdn.net\/thumbnails\/33751\/it-flic-en-flac-guesthouse-villa-abi-61bfe.jpg\">\t\t\t\t\t\t<\/a>\n\t\t\t\t\t<\/div>\n\t\t\t\t\t\t\t\t<div class=\"rss_content_wrap\">\n\t\t\t\t\t<span class=\"title\">\n\t\t\t\t\t\t<a href=\"https:\/\/mauritius.evolutiontravel.it\/it_IT\/900\/tab\/33751_guesthouse-villa-abi.html\" target=\"_blank\"  rel=\"noopener \">\n\t\t\t\t\t\t\tGuesthouse Villa Abi\t\t\t\t\t\t<\/a>\n\t\t\t\t\t<\/span>\n\t\t\t\t\t<div class=\"rss_content\"\n\t\t\t\t\t\t\tstyle=\"\">\n\t\t\t\t\t\t\n\t\t\t\t\t\t\t\t\t\t\t\t<p class=\"description\">Graziosa guesthouse immersa in un giardino tropicale, a pochi passi da una delle spiagge pi\u00f9 belle di Mauritius: la spiaggia di [&hellip;]<\/p>\n\t\t\t\t\t\t\n\t\t\t\t\t\t\t\t\t\t\t\t\t\t\t\t\t\t\t<div class=\"price-wrap\">\n\t\t\t\t\t\t\t\t<a href=\"https:\/\/mauritius.evolutiontravel.it\/it_IT\/900\/tab\/33751_guesthouse-villa-abi.html\" target=\"_blank\" rel=\"noopener\"><button class=\"price\"> 1140<\/button><\/a>\n\t\t\t\t\t\t\t<\/div>\n\t\t\t\t\t\t\t\t\t\t\t<\/div>\n\t\t\t\t<\/div>\n\t\t\t<\/li>\n\t\t\t\t\t\t<li  style=\"padding: 23px 0 38px\" class=\"rss_item feedzy-rss-col-3\" >\n\t\t\t\t\t\t\t\t\t<div class=\"rss_image\" style=\"width:225px; height:225px;\">\n\t\t\t\t\t\t<a href=\"https:\/\/mauritius.evolutiontravel.it\/it_IT\/900\/tab\/28490_aanari-hotel-spa.html\" target=\"_blank\" \n\t\t\t\t\t\t\trel=\"noopener \"\n\t\t\t\t\t\t\ttitle=\"Aanari Hotel &amp; Spa\"\n\t\t\t\t\t\t\tstyle=\"width:225px; height:225px;\">\n\t\t\t\t\t\t\t<span class=\"fetched\" style=\"background-image:  url('http:\/\/etcdn.net\/thumbnails\/28490\/it-flic-en-flac-aanari-hotel-spa-7ee95.jpg');\" title=\"Aanari Hotel &amp; Spa\"><\/span><amp-img width=\"225\" height=\"225\" src=\"http:\/\/etcdn.net\/thumbnails\/28490\/it-flic-en-flac-aanari-hotel-spa-7ee95.jpg\">\t\t\t\t\t\t<\/a>\n\t\t\t\t\t<\/div>\n\t\t\t\t\t\t\t\t<div class=\"rss_content_wrap\">\n\t\t\t\t\t<span class=\"title\">\n\t\t\t\t\t\t<a href=\"https:\/\/mauritius.evolutiontravel.it\/it_IT\/900\/tab\/28490_aanari-hotel-spa.html\" target=\"_blank\"  rel=\"noopener \">\n\t\t\t\t\t\t\tAanari Hotel &amp; Spa\t\t\t\t\t\t<\/a>\n\t\t\t\t\t<\/span>\n\t\t\t\t\t<div class=\"rss_content\"\n\t\t\t\t\t\t\tstyle=\"\">\n\t\t\t\t\t\t\n\t\t\t\t\t\t\t\t\t\t\t\t<p class=\"description\">Hotel semplice consigliato a tutti coloro che da una vacanza a Mauritius si aspettano una buona sistemazione alberghiera come [&hellip;]<\/p>\n\t\t\t\t\t\t\n\t\t\t\t\t\t\t\t\t\t\t\t\t\t\t\t\t\t\t<div class=\"price-wrap\">\n\t\t\t\t\t\t\t\t<a href=\"https:\/\/mauritius.evolutiontravel.it\/it_IT\/900\/tab\/28490_aanari-hotel-spa.html\" target=\"_blank\" rel=\"noopener\"><button class=\"price\"> 1190<\/button><\/a>\n\t\t\t\t\t\t\t<\/div>\n\t\t\t\t\t\t\t\t\t\t\t<\/div>\n\t\t\t\t<\/div>\n\t\t\t<\/li>\n\t\t\t\t<\/ul>\n<\/div>\n<style type=\"text\/css\" media=\"all\">.feedzy-rss .rss_item .rss_image{float:left;position:relative;border:none;text-decoration:none;max-width:100%}.feedzy-rss .rss_item .rss_image span{display:inline-block;position:absolute;width:100%;height:100%;background-position:50%;background-size:cover}.feedzy-rss .rss_item .rss_image{margin:.3em 1em 0 0;content-visibility:auto}.feedzy-rss ul{list-style:none}.feedzy-rss ul li{display:inline-block}<\/style>\n","protected":false},"excerpt":{"rendered":"<p>Moka, a circa 12 km da Port Louis, \u00e8 uno dei due quartieri di Mauritius senza sbocco sul mare. La piccola citt\u00e0 \u00e8 circondata da montagne maestose, ruscelli e cascate, insomma un paesaggio avvolto da un\u2019atmosfera fiabesca. Merita una visita il circondario: paesaggi caratterizzati da splendidi boschi e numerose ville storiche come Val Ory, un <a class=\"moretag\" href=\"https:\/\/mauritius.evolutiontravel.it\/infovacanze\/moka\/\">[&#8230;]<\/a><\/p>\n","protected":false},"author":6,"featured_media":0,"parent":0,"menu_order":0,"comment_status":"closed","ping_status":"open","template":"templates\/template-with-right-sidebar.php","meta":{"footnotes":""},"yoast_head":"<!-- This site is optimized with the Yoast SEO plugin v21.9.1 - https:\/\/yoast.com\/wordpress\/plugins\/seo\/ -->\n<title>Moka, Mauritius: la citt\u00e0 senza sboccho al mare - Evolution Travel<\/title>\n<meta name=\"description\" content=\"Scopri con noi alcuni dettagli del distretto di Mauritius, Moka, il quartiere senza sbocco al mare: leggi il nostro articolo!\" \/>\n<meta name=\"robots\" content=\"index, follow, max-snippet:-1, max-image-preview:large, max-video-preview:-1\" \/>\n<link rel=\"canonical\" href=\"https:\/\/mauritius.evolutiontravel.it\/infovacanze\/racconti-di-viaggio__trashed\/moka\/\" \/>\n<meta name=\"twitter:label1\" content=\"Tempo di lettura stimato\" \/>\n\t<meta name=\"twitter:data1\" content=\"1 minuto\" \/>\n<script type=\"application\/ld+json\" class=\"yoast-schema-graph\">{\"@context\":\"https:\/\/schema.org\",\"@graph\":[{\"@type\":\"WebPage\",\"@id\":\"https:\/\/mauritius.evolutiontravel.it\/infovacanze\/racconti-di-viaggio__trashed\/moka\/\",\"url\":\"https:\/\/mauritius.evolutiontravel.it\/infovacanze\/racconti-di-viaggio__trashed\/moka\/\",\"name\":\"Moka, Mauritius: la citt\u00e0 senza sboccho al mare - Evolution Travel\",\"isPartOf\":{\"@id\":\"https:\/\/mauritius.evolutiontravel.it\/infovacanze\/#website\"},\"datePublished\":\"2013-08-19T15:10:24+00:00\",\"dateModified\":\"2018-01-18T16:15:47+00:00\",\"description\":\"Scopri con noi alcuni dettagli del distretto di Mauritius, Moka, il quartiere senza sbocco al mare: leggi il nostro articolo!\",\"inLanguage\":\"it-IT\",\"potentialAction\":[{\"@type\":\"ReadAction\",\"target\":[\"https:\/\/mauritius.evolutiontravel.it\/infovacanze\/racconti-di-viaggio__trashed\/moka\/\"]}]},{\"@type\":\"WebSite\",\"@id\":\"https:\/\/mauritius.evolutiontravel.it\/infovacanze\/#website\",\"url\":\"https:\/\/mauritius.evolutiontravel.it\/infovacanze\/\",\"name\":\"Mauritius\",\"description\":\"\",\"potentialAction\":[{\"@type\":\"SearchAction\",\"target\":{\"@type\":\"EntryPoint\",\"urlTemplate\":\"https:\/\/mauritius.evolutiontravel.it\/infovacanze\/?s={search_term_string}\"},\"query-input\":\"required name=search_term_string\"}],\"inLanguage\":\"it-IT\"}]}<\/script>\n<!-- \/ Yoast SEO plugin. -->","yoast_head_json":{"title":"Moka, Mauritius: la citt\u00e0 senza sboccho al mare - Evolution Travel","description":"Scopri con noi alcuni dettagli del distretto di Mauritius, Moka, il quartiere senza sbocco al mare: leggi il nostro articolo!","robots":{"index":"index","follow":"follow","max-snippet":"max-snippet:-1","max-image-preview":"max-image-preview:large","max-video-preview":"max-video-preview:-1"},"canonical":"https:\/\/mauritius.evolutiontravel.it\/infovacanze\/racconti-di-viaggio__trashed\/moka\/","twitter_misc":{"Tempo di lettura stimato":"1 minuto"},"schema":{"@context":"https:\/\/schema.org","@graph":[{"@type":"WebPage","@id":"https:\/\/mauritius.evolutiontravel.it\/infovacanze\/racconti-di-viaggio__trashed\/moka\/","url":"https:\/\/mauritius.evolutiontravel.it\/infovacanze\/racconti-di-viaggio__trashed\/moka\/","name":"Moka, Mauritius: la citt\u00e0 senza sboccho al mare - Evolution Travel","isPartOf":{"@id":"https:\/\/mauritius.evolutiontravel.it\/infovacanze\/#website"},"datePublished":"2013-08-19T15:10:24+00:00","dateModified":"2018-01-18T16:15:47+00:00","description":"Scopri con noi alcuni dettagli del distretto di Mauritius, Moka, il quartiere senza sbocco al mare: leggi il nostro articolo!","inLanguage":"it-IT","potentialAction":[{"@type":"ReadAction","target":["https:\/\/mauritius.evolutiontravel.it\/infovacanze\/racconti-di-viaggio__trashed\/moka\/"]}]},{"@type":"WebSite","@id":"https:\/\/mauritius.evolutiontravel.it\/infovacanze\/#website","url":"https:\/\/mauritius.evolutiontravel.it\/infovacanze\/","name":"Mauritius","description":"","potentialAction":[{"@type":"SearchAction","target":{"@type":"EntryPoint","urlTemplate":"https:\/\/mauritius.evolutiontravel.it\/infovacanze\/?s={search_term_string}"},"query-input":"required name=search_term_string"}],"inLanguage":"it-IT"}]}},"_links":{"self":[{"href":"https:\/\/mauritius.evolutiontravel.it\/infovacanze\/wp-json\/wp\/v2\/pages\/150"}],"collection":[{"href":"https:\/\/mauritius.evolutiontravel.it\/infovacanze\/wp-json\/wp\/v2\/pages"}],"about":[{"href":"https:\/\/mauritius.evolutiontravel.it\/infovacanze\/wp-json\/wp\/v2\/types\/page"}],"author":[{"embeddable":true,"href":"https:\/\/mauritius.evolutiontravel.it\/infovacanze\/wp-json\/wp\/v2\/users\/6"}],"replies":[{"embeddable":true,"href":"https:\/\/mauritius.evolutiontravel.it\/infovacanze\/wp-json\/wp\/v2\/comments?post=150"}],"version-history":[{"count":9,"href":"https:\/\/mauritius.evolutiontravel.it\/infovacanze\/wp-json\/wp\/v2\/pages\/150\/revisions"}],"predecessor-version":[{"id":910,"href":"https:\/\/mauritius.evolutiontravel.it\/infovacanze\/wp-json\/wp\/v2\/pages\/150\/revisions\/910"}],"wp:attachment":[{"href":"https:\/\/mauritius.evolutiontravel.it\/infovacanze\/wp-json\/wp\/v2\/media?parent=150"}],"curies":[{"name":"wp","href":"https:\/\/api.w.org\/{rel}","templated":true}]}}